= 2*i - 3 + 2*i**2 + 3*i - 3*i - i**3. Let z(b) be the first derivative of -3*b**4/4 - b**3/3 + b**2/2 + 2*b + 9. Let c be z(-1). Give w(c).
-6
Let b = -359 - -361. Let y(p) = -7*p + 5. Give y(b).
-9
Let u(j) = -j. Let i be 10/10 - (-1 + -62). Let l = -62 + i. Determine u(l).
-2
Let c(y) = -6*y - 14. Let d be c(-1). Let q(b) = -b**3 - 7*b**2 + 7*b + 2. Determine q(d).
10
Suppose -5*h = -0*h + 4*y - 20, 5*y = h - 4. Let x(u) = u + 3. Let l(f) = -f - 4. Let c(p) = h*x(p) + 3*l(p). Calculate c(6).
6
Let z(n) = n**3 - 9*n**2 - n - 7. Let m be (-173)/(-519) - 52/(-6). What is z(m)?
-16
Let o(h) be the first derivative of 7*h**3 + h**2/2 + h - 204. Give o(-1).
21
Let i(w) be the second derivative of -7*w**5/10 - w**4/12 - 83*w. Determine i(1).
-15
Let t(r) = -4*r - 6. Let f be 63/(-2)*(-4)/6. Let g = 17 - f. Give t(g).
10
Let x(l) be the second derivative of l**5/20 - l**4/3 + l**2 - 2422*l. Suppose 0 = 3*v - 5 - 7. Suppose 0 = a - v*g - g - 28, g = -a - 2. Determine x(a).
-7
Let c = 3067 + -3062. Let y(x) = -2*x**2 + 7 + 2*x**3 - x**3 - 3*x**2. What is y(c)?
7
Let p(k) = -7*k + 1. Let f(r) = 8*r - 2. Let m(l) = 6*f(l) + 7*p(l). Suppose z = -z. Suppose z*w = -5*w. Give m(w).
-5
Let x = 7 + -4. Suppose -x*k = 5*k. Let p(r) = r**2 - r - 5. Give p(k).
-5
Let v(y) = -7*y**3 + 13*y**2 - 43*y + 3. Let b(j) = 6*j**3 - 13*j**2 + 38*j - 4. Let l(q) = -6*b(q) - 5*v(q). What is l(12)?
-3
Let t(a) = -7*a - 704*a**2 + 356*a**2 + 347*a**2 - 2. Calculate t(-7).
-2
Suppose 0 = 4*s - 16, 0 = 3*o - s - 1 - 7. Let y(t) = -t**2 + 4*t. Calculate y(o).
0
Let p(y) = -4 + 12 + 2*y**2 - 2*y**2 - y**2 + 16*y - 9*y. Determine p(8).
0
Suppose -h = -37 + 7. Suppose 5*a - 11*a = -h. Let k(n) = 1 + 2*n + 2*n + n**2 - a*n + 3*n. Give k(-1).
0
Let x be (-7)/(14/(-10)) + 1. Suppose -2*l + 10 = 4. Let i(g) = -1 - 6 + l*g - g. Determine i(x).
5
Let d(a) = 7*a + 30. Let f(j) = 6*j + 21. Let y(l) = 2*d(l) - 3*f(l). Determine y(-5).
17
Let t(f) be the second derivative of f**3/6 - 7*f**2/2 - 2*f. Suppose -4*m - 110 = -5*m. Let w = m - 110. Give t(w).
-7
Let s(h) be the second derivative of 0 - 5/2*h**2 + 1/6*h**3 + 33*h. Give s(6).
1
Let o(w) be the second derivative of w**4/24 + 2*w**3/3 - 49*w**2/2 - 54*w. Let l(x) be the first derivative of o(x). Let m = 0 - -5. Determine l(m).
9
Let d(p) = -5*p - 49. Let b be d(11). Let t be b/13*(2 + -1). Let n(o) = -o - 8. Determine n(t).
0
Let c(n) be the first derivative of -n**2 - 13*n + 144. Calculate c(-8).
3
Let y(g) = 33 - 42 + 6*g + g - 8*g. Determine y(5).
-14
Let j(o) = 7*o + 18. Let y(f) = 38*f - 18*f + 27 - 10*f. Let b(s) = -7*j(s) + 5*y(s). Give b(-7).
2
Let s(u) = 214*u**3 + 1 - 5*u**2 + 2*u - 429*u**3 + 216*u**3. Determine s(2).
-7
Let d be ((-1)/(-9))/((-2060)/(-309)). Let k(s) be the third derivative of 0*s - 1/8*s**4 - 7*s**2 + 0 - d*s**5 + 5/6*s**3. Calculate k(-5).
-5
Let x = 284 - 279. Let b(u) = -u**3 + 4*u**2 - 2*u + 5. Give b(x).
-30
Let d(c) = -2*c**2 - c. Let s = -1612 + 1617. Determine d(s).
-55
Let m(o) = -6*o**2 + 1. Let f(a) = 4*a - 5. Let z(t) = t - 1. Let d(s) = -2*f(s) + 11*z(s). Let w be d(0). Determine m(w).
-5
Let u(i) = 3*i**2 + 29*i + 32. Let c be u(-8). Let s(m) = 6*m + 16. What is s(c)?
-32
Let o(w) = -w**3 + w**2 - w + 3. Suppose -4*s + 7 = -13. Suppose -4*y + 25 = -8*y + 5*g, 3*y = -s*g + 25. What is o(y)?
3
Let k(q) = -6*q - 1 + 3 + 5*q. Let m be k(0). Let t(z) = m*z**3 + 0 + z**3 + 1. Give t(1).
4
Let j(m) = -11*m**3 - m**2 + 11*m - 15. Let i(o) = 5*o**3 + 2*o - 5*o + 7 - 2*o. Let y(q) = 9*i(q) + 4*j(q). Let k(h) = -2*h. Let p be k(-2). Determine y(p).
-1
Let r(o) = o**2 - 8*o - 146. Let g be r(-9). Let w(m) = 2*m**2 - 11*m + 9. Calculate w(g).
30
Let v(o) = o**3 - 3*o**2 - 7*o + 17. Let b be v(2). Let y(r) = 5*r**3 - 2*r**2 - 2*r - 1. What is y(b)?
-6
Suppose 38 = 20*b - 22. Let q(m) = 2*m**2 - 5*m + 4. What is q(b)?
7
Let h(u) = 5*u**2 - 4*u - 3. Suppose 3*z = 4 + 2. Suppose 5*i + 3*y - 19 = 20, z*i - 3*y = 3. Let o(w) = -w**2 + 1. Let l(j) = i*o(j) + h(j). Calculate l(-4).
3
Let b(r) = r**3 + 11*r**2 + 9*r - 9. Let h be b(-10). Let i be (h/1 - 3)*-1. Let s(v) = 0 + 3 - v**2 + 8*v**i - 8*v**2. Give s(-3).
-6
Suppose -2*x + 6 = 2*m, 5*x - 5*m + 5 = -0. Suppose 0 = -d - 6 + x. Let f(b) = -b**3 - 5*b**2 + 6. Give f(d).
6
Let h(q) = 19*q - 23. Let d(w) = 8*w - 11. Let n(k) = 5*d(k) - 2*h(k). What is n(-5)?
-19
Let a(u) be the third derivative of u**4/24 - u**3/3 - 12*u**2. Let g be -3 - (0/(-1) - 1). Give a(g).
-4
Let s(v) be the second derivative of 41*v + 3/2*v**2 - 1/12*v**4 - 5/6*v**3 + 0. What is s(-5)?
3
Let n(q) be the second derivative of -17*q**3/6 + q**2/2 + q. Let k be ((-3)/(-6))/((-42)/12 + 3). Determine n(k).
18
Let r(d) = -8*d**2 - 12*d - 20. Let g(u) be the third derivative of -u**5/20 - u**4/6 - 7*u**3/6 + 13*u**2. Let c(x) = -11*g(x) + 4*r(x). Give c(5).
2
Suppose -y = -o, y - 57*o = -55*o. Let n(l) be the third derivative of -l**2 + 0 + 5/12*l**4 + 1/60*l**5 + 11/6*l**3 + y*l. Determine n(-8).
-5
Let t(j) = j**2 - 10*j + 9. Suppose -q = -4*q - 27. Let p be (6 + -7)/(1/q). Give t(p).
0
Let r(o) = 12*o - o**2 - 34 - 13*o + 13*o + 14. Calculate r(9).
7
Let d(h) = -12*h**2 + 18682*h**3 - 18683*h**3 + 2 - 11*h - 5. Give d(-11).
-3
Let u be (-1 + 8/12)*-3. Let z(r) = -r + 2. Let a be z(0). Let q(p) = 2*p + 2*p**2 - p + p**2 - 1 - 4*p**a. What is q(u)?
-1
Let d(v) = -18*v**2 - 31*v + 3. Let t(n) = -5*n**2 - 8*n + 1. Let l(y) = 6*d(y) - 22*t(y). Determine l(4).
-12
Let k(w) = -2*w**3 + w**2 + 2*w + 1. Let p = -121 + 123. Calculate k(p).
-7
Let m be 10 - 2/((-2)/(-3)). Let r(u) = -6*u**2 + 3 + 3 - 27*u**3 - 1 + 28*u**3 + 1 - 7*u. What is r(m)?
6
Let f(i) = -i + 5. Let o be f(-2). Let b(w) = w**3 - 8*w**2 + 7*w + 7. Determine b(o).
7
Let q(k) be the second derivative of k**3/6 - 3*k**2/2 - 9*k. Let s be q(6). Suppose -2*d = -s*d - 1. Let i(o) = 10*o**3 + o + 1. Give i(d).
-10
Let w(l) = -16*l**2 - 10*l. Let o be w(-1). Let m(q) = q**3 + 5*q**2 - 3*q + 4. Calculate m(o).
-14
Let w(c) = -15 + 0*c**2 + c**3 + 329*c + c**2 - 330*c. Determine w(0).
-15
Let j(u) = -2*u + 16. Let s = 11 + -3. Calculate j(s).
0
Let m be (-3)/((-3)/((-12)/(-4))). Suppose -m*x + 5 = 11. Let o(n) = -3*n + 1. What is o(x)?
7
Let b(t) = 2*t + 1. Let s(l) = 2*l - 1. Let p be s(-10). Let v = p + 18. What is b(v)?
-5
Let t(d) = -d - 6. Let y be t(-9). Suppose 0 = y*m - 2*m + 4. Let u(f) = f**3 - 3 - 6 + 3*f**2 + 13 - 3*f. Determine u(m).
0
Let y(t) = 23*t - 638. Let g be y(28). Let u be (-4)/14 + 60/14. Let h(q) = -4*q + u*q + q + 2. Calculate h(g).
8
Let f = 14022 + -14025. Let p(k) = 1 - 3 - 3*k + 6*k. What is p(f)?
-11
Let b be -5 - (-1)/1 - -28. Suppose -5*s + b + 21 = 0. Let j(t) = -t**3 + 10*t**2 - 9*t + 4. What is j(s)?
4
Let t = -416 - -406. Let v(o) = -o**3 - 10*o**2 - 2*o - 4. Calculate v(t).
16
Let g(d) = -2*d**2 + 3*d + 4. Let k(q) be the first derivative of -q**2 - 11*q - 87. Suppose -2*l = -5*l - 21. Let j be k(l). Give g(j).
-5
Let o(r) = -r**2 - 36*r + 35. Let v be o(-37). Let u(i) = -i**3 + 2*i**2 + 2*i - 2. Give u(v).
10
Let a be -19*(1 + 4 - 2). Let p = a - -60. Let z(x) = -x**2 + 4*x + 1. Give z(p).
4
Let h(f) = -5*f - 9. Let o(r) = 18*r + 28. Let t(g) = 7*h(g) + 2*o(g). Determine t(-8).
-15
Let n be ((-33)/(-6) - 2) + (3 - 6). Let u(c) be the second derivative of 0 + 3*c - n*c**3 + 0*c**2. Determine u(-1).
3
Let j(q) = 86*q + 2. Let a(p) = -164*p - 3. Let s(k) = 4*a(k) + 7*j(k). Calculate s(1).
-52
Let r(f) be the third derivative of -f**4/24 - 13*f**3/6 - 505*f**2. Determine r(-5).
-8
Let f(o) = -397*o**2 + 4 + 396*o**2 + 5 + 9*o. Determine f(8).
17
Let o(d) be the second derivative of -d**4/8 - 27*d**2/2 + 32*d. Let z(u) be the first derivative of o(u). Calculate z(-1).
3
Let x(u) = -6*u + 1. Let j = -8 + 10. Let f be (-13)/39 + (10/3 - j). Give x(f).
-5
Let n(w) = -2 - 29*w + 10*w + 6*w + 14*w. Suppose 0*a + 48 = -5*a + 2*i, 20 = 5*i. Determine n(a).
-10
Let x(p) be the second derivative of -17*p**5/20 + p**4/12 - p**3/3 + p**2/2 - 13*p. Let b = 65 + -64. What is x(b)?
-17
Let i = -595 - -592. Let d(k) = -k**2 - 7*k - 10. What is d(i)?
2
Let o = -125 - -123. Let z(r) = r + 1. Let j(i) = 5*i + 5. Let a(b) = j(b) - 6*z(b). Calculate a(o).
1
Let l = 25 - 21. Suppose -v = -l - 4. Suppose -d + 2 + v = 3*t, 